{"id":271,"date":"2015-12-14T15:32:08","date_gmt":"2015-12-14T06:32:08","guid":{"rendered":"http:\/\/ecplaza11.bbsetheme.com\/jap\/?page_id=271"},"modified":"2015-12-14T15:32:08","modified_gmt":"2015-12-14T06:32:08","slug":"bang-keo-giay-washi","status":"publish","type":"page","link":"http:\/\/kbadhesives.com\/vie\/bang-keo-giay-washi\/","title":{"rendered":"B\u0103ng keo gi\u1ea5y"},"content":{"rendered":"<p><!-- Document Start --><\/p>\n<p>\u0110\u00e2y l\u00e0 lo\u1ea1i b\u0103ng keo gi\u1ea5y \u0111\u01b0\u1ee3c s\u1ea3n ch\u1ea5t b\u1eb1ng ch\u1ea5t li\u1ec7u gi\u1ea5y c\u00f3 b\u1ecdc l\u1edbp keo d\u00e1n acrylic. S\u1ea3n ph\u1ea9m c\u00f3 kh\u1ea3 n\u0103ng d\u00ednh xu\u1ea5t s\u1eafc n\u00ean \u0111\u01b0\u1ee3c s\u1eed d\u1ee5ng v\u00e0o nhi\u1ec1u m\u1ee5c \u0111\u00edch kh\u00e1c nhau, v\u00ed d\u1ee5 nh\u01b0 d\u00f9ng \u0111\u1ec3 d\u00e1n l\u00ean nhi\u1ec1u lo\u1ea1i b\u1ec1 m\u1eb7t \u0111a d\u1ea1ng.<br \/>\n\n<style type=\"text\/css\" scoped=\"scoped\">\n\n<\/style>\n\ufeff<style type=\"text\/css\">\n\n.type3{margin:0 !important;padding:0;list-style:none;}\n.type3:after{display:block;content:\"\";clear:both;}\n\t.type3 li{float:left;margin-right:2.333%;margin-bottom:20px;width:23%;box-sizing:border-box;}\n\t.type3 li:nth-child(4){margin-right:0;}\n\t\t.type3 li img{width:100%;height:auto;}\n\t\n\n@media screen and (max-width:600px){\n\t\t.type3 li{margin-right:4%;margin-bottom:20px;width:48%;}\t\n\t\t.type3 li:nth-child(even){margin-right:0;}\n}\n\n<\/style>\n<ul class=\"type3\">\n\t<li><img decoding=\"async\" src=\"\/wp-content\/uploads\/2016\/02\/i37.jpg\" alt=\"\ud654\uc9c0\ud14c\uc774\ud5041\"><\/li>\n   \t<li><img decoding=\"async\" src=\"\/wp-content\/uploads\/2016\/02\/i38.jpg\" alt=\"\ud654\uc9c0\ud14c\uc774\ud5042\"><\/li>\n  \t<li><\/li>\n   \t<li><\/li>\n<\/ul>\n<script type=\"text\/javascript\">\n\n<\/script>\n<\/p>\n<p>&nbsp;<\/p>\n\n<style type=\"text\/css\" scoped=\"scoped\">\n\n<\/style>\n\ufeff<style type=\"text\/css\">\n\n.cont_table_type1{\nmargin:0;\npadding:0;\nwidth:100%;\nborder-spacing:0;\nborder-top:2px solid #e38048;\n}\n.cont_table_type1 caption{\nheight:20px;\nfont-size:14px;\nfont-weight:bold;\ncolor:#666;\t\ntext-align:left;\nvisibility:visible;\nwidth:auto;\nline-height:auto;\n}\n.cont_table_type1 thead tr th{\nheight:58px;\npadding:10px;\nborder-bottom:1px solid #e9e9e9;\nbackground:#fdfdfd;\nfont-size:14px;\nvertical-align: top;\ncolor:#666;\nbox-sizing:border-box;\ntext-align:left;\nword-break:break-all;\n}\n.cont_table_type1 tbody tr td{\nheight:40px;\npadding:10px;\nborder-bottom:1px solid #e9e9e9;\nbackground:#fff;\nfont-size:14px;\ncolor:#666;\nbox-sizing:border-box;\ntext-align:left;\nword-break:break-all;\n}\n\n@media screen and (max-width:600px){\n\n.cont_table_type1 thead tr th{font-size:12px;}\n.cont_table_type1 tbody tr td{font-size:12px;}\n\n\n}\n\n<\/style>\n\n<table class=\"cont_table_type1\">\n  <caption><strong>Tissue Tape<\/strong><\/caption>\n  <colgroup>\n    <col style=\"width:20%\">\n    <col style=\"width:14%\">\n    <col style=\"width:13%\">\n    <col style=\"width:15%\">\n    <col style=\"width:15%\">\n    <col style=\"width:18%\">\n    <col style=\"width:5%\">\n  <\/colgroup>\n  <thead>\n      <th><strong>ITEM NO.<\/strong><\/th>\n      <th><strong>Carrier<\/strong><\/th>\n      <th><strong>Color<\/strong><\/th>\n      <th><strong>THICKNESS<\/strong><br>(mm)<\/th>\n      <th><strong>ADHESION<\/strong><br>(kg\/25mm)<\/th>\n      <th><strong>Holding power<\/strong><br>(Hours)<\/th>\n      <th><strong>TDS<\/strong><\/th>      \n  <\/thead>\n  <tbody>\n      <td >KB221<\/td>\n      <td>Tissue<\/td>\n      <td>Translucent<\/td>\n      <td>0.14<\/td>\n      <td>15<\/td>\n      <td>12<\/td>\n      <td><a href=\"\/wp-content\/uploads\/tds\/tissue\/KB221.pdf\"><img decoding=\"async\" src=\"\/wp-content\/uploads\/2015\/11\/down_icon.png\" alt=\"\ub2e4\uc6b4\"><\/a><\/td>\n  <\/tbody>\n  <tbody>\n      <td >KB2501<\/td>\n      <td>Tissue<\/td>\n      <td>Translucent<\/td>\n      <td>0.14<\/td>\n      <td>15<\/td>\n      <td>72<\/td>\n      <td><a href=\"\/wp-content\/uploads\/tds\/tissue\/KB2501.pdf\"><img decoding=\"async\" src=\"\/wp-content\/uploads\/2015\/11\/down_icon.png\" alt=\"\ub2e4\uc6b4\"><\/a><\/td>\n  <\/tbody>\n  <tbody>\n      <td >KB2701<\/td>\n      <td>Tissue<\/td>\n      <td>Translucent<\/td>\n      <td>0.16<\/td>\n      <td>17<\/td>\n      <td>24<\/td>\n      <td><a href=\"\/wp-content\/uploads\/tds\/tissue\/KB2701.pdf\"><img decoding=\"async\" src=\"\/wp-content\/uploads\/2015\/11\/down_icon.png\" alt=\"\ub2e4\uc6b4\"><\/a><\/td>\n  <\/tbody>\n  <tbody>\n      <td >KB2500C<\/td>\n      <td>Tissue<\/td>\n      <td>Translucent<\/td>\n      <td>0.15<\/td>\n      <td>17<\/td>\n      <td>50<\/td>\n      <td><a href=\"\/wp-content\/uploads\/tds\/tissue\/KB2500C.pdf\"><img decoding=\"async\" src=\"\/wp-content\/uploads\/2015\/11\/down_icon.png\" alt=\"\ub2e4\uc6b4\"><\/a><\/td>\n  <\/tbody>\n  <tbody>\n      <td >KB2500<\/td>\n      <td>Tissue<\/td>\n      <td>Translucent<\/td>\n      <td>0.16<\/td>\n      <td>17<\/td>\n      <td>72<\/td>\n      <td><a href=\"\/wp-content\/uploads\/tds\/tissue\/KB2500.pdf\"><img decoding=\"async\" src=\"\/wp-content\/uploads\/2015\/11\/down_icon.png\" alt=\"\ub2e4\uc6b4\"><\/a><\/td>\n  <\/tbody>\n  <tbody>\n      <td >KB2501F<\/td>\n      <td>Tissue<\/td>\n      <td>Translucent<\/td>\n      <td>0.14<\/td>\n      <td>15<\/td>\n      <td>100<\/td>\n      <td><a href=\"\/wp-content\/uploads\/tds\/tissue\/KB2501F.pdf\"><img decoding=\"async\" src=\"\/wp-content\/uploads\/2015\/11\/down_icon.png\" alt=\"\ub2e4\uc6b4\"><\/a><\/td>\n  <\/tbody>\n  <tbody>\n      <td >KB2600<\/td>\n      <td>Tissue<\/td>\n      <td>Translucent<\/td>\n      <td>0.16<\/td>\n      <td>17<\/td>\n      <td>72<\/td>\n      <td><a href=\"\/wp-content\/uploads\/tds\/tissue\/KB2600.pdf\"><img decoding=\"async\" src=\"\/wp-content\/uploads\/2015\/11\/down_icon.png\" alt=\"\ub2e4\uc6b4\"><\/a><\/td>\n  <\/tbody>\n<\/table>\n<script type=\"text\/javascript\">\n\n<\/script>\n\n","protected":false},"excerpt":{"rendered":"<p>\u0110\u00e2y l\u00e0 lo\u1ea1i b\u0103ng keo gi\u1ea5y \u0111\u01b0\u1ee3c s\u1ea3n ch\u1ea5t b\u1eb1ng ch\u1ea5t li\u1ec7u gi\u1ea5y c\u00f3 b\u1ecdc l\u1edbp keo d\u00e1n acrylic. S\u1ea3n ph\u1ea9m c\u00f3 kh\u1ea3 n\u0103ng d\u00ednh xu\u1ea5t s\u1eafc n\u00ean \u0111\u01b0\u1ee3c s\u1eed d\u1ee5ng v\u00e0o nhi\u1ec1u m\u1ee5c \u0111\u00edch kh\u00e1c nhau, v\u00ed d\u1ee5 nh\u01b0 d\u00f9ng \u0111\u1ec3 d\u00e1n l\u00ean nhi\u1ec1u lo\u1ea1i b\u1ec1 m\u1eb7t \u0111a d\u1ea1ng. &nbsp;<\/p>\n","protected":false},"author":1,"featured_media":0,"parent":0,"menu_order":0,"comment_status":"closed","ping_status":"closed","template":"","meta":{"footnotes":""},"_links":{"self":[{"href":"http:\/\/kbadhesives.com\/vie\/wp-json\/wp\/v2\/pages\/271"}],"collection":[{"href":"http:\/\/kbadhesives.com\/vie\/wp-json\/wp\/v2\/pages"}],"about":[{"href":"http:\/\/kbadhesives.com\/vie\/wp-json\/wp\/v2\/types\/page"}],"author":[{"embeddable":true,"href":"http:\/\/kbadhesives.com\/vie\/wp-json\/wp\/v2\/users\/1"}],"replies":[{"embeddable":true,"href":"http:\/\/kbadhesives.com\/vie\/wp-json\/wp\/v2\/comments?post=271"}],"version-history":[{"count":0,"href":"http:\/\/kbadhesives.com\/vie\/wp-json\/wp\/v2\/pages\/271\/revisions"}],"wp:attachment":[{"href":"http:\/\/kbadhesives.com\/vie\/wp-json\/wp\/v2\/media?parent=271"}],"curies":[{"name":"wp","href":"https:\/\/api.w.org\/{rel}","templated":true}]}}